{"id":28465,"date":"2025-09-02T14:59:09","date_gmt":"2025-09-02T17:59:09","guid":{"rendered":"https:\/\/homologa.digital\/centralfaveni\/virgem\/curso\/tecnologias-digitais-da-informacao-e-comunicacao-na-educacao-240\/"},"modified":"2025-09-05T12:18:53","modified_gmt":"2025-09-05T15:18:53","slug":"tecnologias-digitais-da-informacao-e-comunicacao-na-educacao-240","status":"publish","type":"curso","link":"https:\/\/homologa.centralfaveni.com.br\/virgem\/curso\/tecnologias-digitais-da-informacao-e-comunicacao-na-educacao-240\/","title":{"rendered":"TECNOLOGIAS DIGITAIS DA INFORMA\u00c7\u00c3O E COMUNICA\u00c7\u00c3O NA EDUCA\u00c7\u00c3O"},"featured_media":0,"template":"","tipo":[187],"pos-graduacao":[],"graduacao":[],"carga-horaria":[176],"class_list":["post-28465","curso","type-curso","status-publish","hentry","tipo-capacitacao-ead","carga-horaria-240h"],"acf":[],"_links":{"self":[{"href":"https:\/\/homologa.centralfaveni.com.br\/virgem\/wp-json\/wp\/v2\/curso\/28465","targetHints":{"allow":["GET"]}}],"collection":[{"href":"https:\/\/homologa.centralfaveni.com.br\/virgem\/wp-json\/wp\/v2\/curso"}],"about":[{"href":"https:\/\/homologa.centralfaveni.com.br\/virgem\/wp-json\/wp\/v2\/types\/curso"}],"wp:attachment":[{"href":"https:\/\/homologa.centralfaveni.com.br\/virgem\/wp-json\/wp\/v2\/media?parent=28465"}],"wp:term":[{"taxonomy":"tipo","embeddable":true,"href":"https:\/\/homologa.centralfaveni.com.br\/virgem\/wp-json\/wp\/v2\/tipo?post=28465"},{"taxonomy":"pos-graduacao","embeddable":true,"href":"https:\/\/homologa.centralfaveni.com.br\/virgem\/wp-json\/wp\/v2\/pos-graduacao?post=28465"},{"taxonomy":"graduacao","embeddable":true,"href":"https:\/\/homologa.centralfaveni.com.br\/virgem\/wp-json\/wp\/v2\/graduacao?post=28465"},{"taxonomy":"carga-horaria","embeddable":true,"href":"https:\/\/homologa.centralfaveni.com.br\/virgem\/wp-json\/wp\/v2\/carga-horaria?post=28465"}],"curies":[{"name":"wp","href":"https:\/\/api.w.org\/{rel}","templated":true}]}}

TECNOLOGIAS DIGITAIS DA INFORMAÇÃO E COMUNICAÇÃO NA EDUCAÇÃO
