{"id":28517,"date":"2025-09-02T14:59:11","date_gmt":"2025-09-02T17:59:11","guid":{"rendered":"https:\/\/homologa.digital\/centralfaveni\/virgem\/curso\/uti-unidade-de-terapia-intensiva-geral-e-gestao-da-assistencia-intensiva-ao-paciente-critico\/"},"modified":"2025-09-05T12:18:54","modified_gmt":"2025-09-05T15:18:54","slug":"uti-unidade-de-terapia-intensiva-geral-e-gestao-da-assistencia-intensiva-ao-paciente-critico","status":"publish","type":"curso","link":"https:\/\/homologa.centralfaveni.com.br\/virgem\/curso\/uti-unidade-de-terapia-intensiva-geral-e-gestao-da-assistencia-intensiva-ao-paciente-critico\/","title":{"rendered":"UTI &#8211; UNIDADE DE TERAPIA INTENSIVA GERAL E GEST\u00c3O DA ASSIST\u00caNCIA INTENSIVA AO PACIENTE CR\u00cdTICO"},"featured_media":0,"template":"","tipo":[186],"pos-graduacao":[210],"graduacao":[],"carga-horaria":[194],"class_list":["post-28517","curso","type-curso","status-publish","hentry","tipo-pos-graduacao-ead","pos-graduacao-pos-graduacao-ead-em-saude-e-bem-estar-pos-graduacao-ead","carga-horaria-750h"],"acf":[],"_links":{"self":[{"href":"https:\/\/homologa.centralfaveni.com.br\/virgem\/wp-json\/wp\/v2\/curso\/28517","targetHints":{"allow":["GET"]}}],"collection":[{"href":"https:\/\/homologa.centralfaveni.com.br\/virgem\/wp-json\/wp\/v2\/curso"}],"about":[{"href":"https:\/\/homologa.centralfaveni.com.br\/virgem\/wp-json\/wp\/v2\/types\/curso"}],"wp:attachment":[{"href":"https:\/\/homologa.centralfaveni.com.br\/virgem\/wp-json\/wp\/v2\/media?parent=28517"}],"wp:term":[{"taxonomy":"tipo","embeddable":true,"href":"https:\/\/homologa.centralfaveni.com.br\/virgem\/wp-json\/wp\/v2\/tipo?post=28517"},{"taxonomy":"pos-graduacao","embeddable":true,"href":"https:\/\/homologa.centralfaveni.com.br\/virgem\/wp-json\/wp\/v2\/pos-graduacao?post=28517"},{"taxonomy":"graduacao","embeddable":true,"href":"https:\/\/homologa.centralfaveni.com.br\/virgem\/wp-json\/wp\/v2\/graduacao?post=28517"},{"taxonomy":"carga-horaria","embeddable":true,"href":"https:\/\/homologa.centralfaveni.com.br\/virgem\/wp-json\/wp\/v2\/carga-horaria?post=28517"}],"curies":[{"name":"wp","href":"https:\/\/api.w.org\/{rel}","templated":true}]}}

UTI &#8211; UNIDADE DE TERAPIA INTENSIVA GERAL E GESTÃO DA ASSISTÊNCIA INTENSIVA AO PACIENTE CRÍTICO
