{"id":30280,"date":"2025-09-02T15:01:01","date_gmt":"2025-09-02T18:01:01","guid":{"rendered":"https:\/\/homologa.digital\/centralfaveni\/virgem\/curso\/tecnologias-digitais-da-informacao-e-comunicacao-na-educacao-2\/"},"modified":"2026-01-22T09:26:17","modified_gmt":"2026-01-22T12:26:17","slug":"tecnologias-digitais-da-informacao-e-comunicacao-na-educacao-2","status":"publish","type":"curso","link":"https:\/\/homologa.centralfaveni.com.br\/virgem\/curso\/tecnologias-digitais-da-informacao-e-comunicacao-na-educacao-2\/","title":{"rendered":"TECNOLOGIAS DIGITAIS DA INFORMA\u00c7\u00c3O E COMUNICA\u00c7\u00c3O NA EDUCA\u00c7\u00c3O"},"featured_media":0,"template":"","tipo":[186],"pos-graduacao":[525],"graduacao":[],"carga-horaria":[193],"class_list":["post-30280","curso","type-curso","status-publish","has-post-thumbnail","hentry","tipo-pos-graduacao-ead","pos-graduacao-educacao","carga-horaria-720h"],"acf":[],"_links":{"self":[{"href":"https:\/\/homologa.centralfaveni.com.br\/virgem\/wp-json\/wp\/v2\/curso\/30280","targetHints":{"allow":["GET"]}}],"collection":[{"href":"https:\/\/homologa.centralfaveni.com.br\/virgem\/wp-json\/wp\/v2\/curso"}],"about":[{"href":"https:\/\/homologa.centralfaveni.com.br\/virgem\/wp-json\/wp\/v2\/types\/curso"}],"wp:attachment":[{"href":"https:\/\/homologa.centralfaveni.com.br\/virgem\/wp-json\/wp\/v2\/media?parent=30280"}],"wp:term":[{"taxonomy":"tipo","embeddable":true,"href":"https:\/\/homologa.centralfaveni.com.br\/virgem\/wp-json\/wp\/v2\/tipo?post=30280"},{"taxonomy":"pos-graduacao","embeddable":true,"href":"https:\/\/homologa.centralfaveni.com.br\/virgem\/wp-json\/wp\/v2\/pos-graduacao?post=30280"},{"taxonomy":"graduacao","embeddable":true,"href":"https:\/\/homologa.centralfaveni.com.br\/virgem\/wp-json\/wp\/v2\/graduacao?post=30280"},{"taxonomy":"carga-horaria","embeddable":true,"href":"https:\/\/homologa.centralfaveni.com.br\/virgem\/wp-json\/wp\/v2\/carga-horaria?post=30280"}],"curies":[{"name":"wp","href":"https:\/\/api.w.org\/{rel}","templated":true}]}}

TECNOLOGIAS DIGITAIS DA INFORMAÇÃO E COMUNICAÇÃO NA EDUCAÇÃO
