{"id":30405,"date":"2025-09-02T15:01:12","date_gmt":"2025-09-02T18:01:12","guid":{"rendered":"https:\/\/homologa.digital\/centralfaveni\/virgem\/curso\/educacao-fisica-adaptada-a-inclusao\/"},"modified":"2026-01-22T09:43:26","modified_gmt":"2026-01-22T12:43:26","slug":"educacao-fisica-adaptada-a-inclusao","status":"publish","type":"curso","link":"https:\/\/homologa.centralfaveni.com.br\/virgem\/curso\/educacao-fisica-adaptada-a-inclusao\/","title":{"rendered":"EDUCA\u00c7\u00c3O F\u00cdSICA ADAPTADA \u00c0 INCLUS\u00c3O"},"featured_media":0,"template":"","tipo":[186],"pos-graduacao":[525],"graduacao":[],"carga-horaria":[195],"class_list":["post-30405","curso","type-curso","status-publish","has-post-thumbnail","hentry","tipo-pos-graduacao-ead","pos-graduacao-educacao","carga-horaria-520h"],"acf":[],"_links":{"self":[{"href":"https:\/\/homologa.centralfaveni.com.br\/virgem\/wp-json\/wp\/v2\/curso\/30405","targetHints":{"allow":["GET"]}}],"collection":[{"href":"https:\/\/homologa.centralfaveni.com.br\/virgem\/wp-json\/wp\/v2\/curso"}],"about":[{"href":"https:\/\/homologa.centralfaveni.com.br\/virgem\/wp-json\/wp\/v2\/types\/curso"}],"wp:attachment":[{"href":"https:\/\/homologa.centralfaveni.com.br\/virgem\/wp-json\/wp\/v2\/media?parent=30405"}],"wp:term":[{"taxonomy":"tipo","embeddable":true,"href":"https:\/\/homologa.centralfaveni.com.br\/virgem\/wp-json\/wp\/v2\/tipo?post=30405"},{"taxonomy":"pos-graduacao","embeddable":true,"href":"https:\/\/homologa.centralfaveni.com.br\/virgem\/wp-json\/wp\/v2\/pos-graduacao?post=30405"},{"taxonomy":"graduacao","embeddable":true,"href":"https:\/\/homologa.centralfaveni.com.br\/virgem\/wp-json\/wp\/v2\/graduacao?post=30405"},{"taxonomy":"carga-horaria","embeddable":true,"href":"https:\/\/homologa.centralfaveni.com.br\/virgem\/wp-json\/wp\/v2\/carga-horaria?post=30405"}],"curies":[{"name":"wp","href":"https:\/\/api.w.org\/{rel}","templated":true}]}}

EDUCAÇÃO FÍSICA ADAPTADA À INCLUSÃO
