{"id":30640,"date":"2025-09-02T15:01:29","date_gmt":"2025-09-02T18:01:29","guid":{"rendered":"https:\/\/homologa.digital\/centralfaveni\/virgem\/curso\/psicopedagogia-com-enfase-em-educacao-especial\/"},"modified":"2025-09-05T12:20:21","modified_gmt":"2025-09-05T15:20:21","slug":"psicopedagogia-com-enfase-em-educacao-especial","status":"publish","type":"curso","link":"https:\/\/homologa.centralfaveni.com.br\/virgem\/curso\/psicopedagogia-com-enfase-em-educacao-especial\/","title":{"rendered":"PSICOPEDAGOGIA COM \u00caNFASE EM EDUCA\u00c7\u00c3O ESPECIAL"},"featured_media":0,"template":"","tipo":[186],"pos-graduacao":[212],"graduacao":[],"carga-horaria":[198],"class_list":["post-30640","curso","type-curso","status-publish","hentry","tipo-pos-graduacao-ead","pos-graduacao-pos-graduacao-ead-em-educacao","carga-horaria-740h"],"acf":[],"_links":{"self":[{"href":"https:\/\/homologa.centralfaveni.com.br\/virgem\/wp-json\/wp\/v2\/curso\/30640","targetHints":{"allow":["GET"]}}],"collection":[{"href":"https:\/\/homologa.centralfaveni.com.br\/virgem\/wp-json\/wp\/v2\/curso"}],"about":[{"href":"https:\/\/homologa.centralfaveni.com.br\/virgem\/wp-json\/wp\/v2\/types\/curso"}],"wp:attachment":[{"href":"https:\/\/homologa.centralfaveni.com.br\/virgem\/wp-json\/wp\/v2\/media?parent=30640"}],"wp:term":[{"taxonomy":"tipo","embeddable":true,"href":"https:\/\/homologa.centralfaveni.com.br\/virgem\/wp-json\/wp\/v2\/tipo?post=30640"},{"taxonomy":"pos-graduacao","embeddable":true,"href":"https:\/\/homologa.centralfaveni.com.br\/virgem\/wp-json\/wp\/v2\/pos-graduacao?post=30640"},{"taxonomy":"graduacao","embeddable":true,"href":"https:\/\/homologa.centralfaveni.com.br\/virgem\/wp-json\/wp\/v2\/graduacao?post=30640"},{"taxonomy":"carga-horaria","embeddable":true,"href":"https:\/\/homologa.centralfaveni.com.br\/virgem\/wp-json\/wp\/v2\/carga-horaria?post=30640"}],"curies":[{"name":"wp","href":"https:\/\/api.w.org\/{rel}","templated":true}]}}

PSICOPEDAGOGIA COM ÊNFASE EM EDUCAÇÃO ESPECIAL
