{"id":30764,"date":"2025-09-02T15:01:36","date_gmt":"2025-09-02T18:01:36","guid":{"rendered":"https:\/\/homologa.digital\/centralfaveni\/virgem\/curso\/gestao-previdenciaria-e-regimes-proprios-da-previdencia\/"},"modified":"2025-12-22T13:16:32","modified_gmt":"2025-12-22T16:16:32","slug":"gestao-previdenciaria-e-regimes-proprios-da-previdencia","status":"publish","type":"curso","link":"https:\/\/homologa.centralfaveni.com.br\/virgem\/curso\/gestao-previdenciaria-e-regimes-proprios-da-previdencia\/","title":{"rendered":"GEST\u00c3O PREVIDENCI\u00c1RIA E REGIMES PR\u00d3PRIOS DA PREVID\u00caNCIA"},"featured_media":0,"template":"","tipo":[186],"pos-graduacao":[522],"graduacao":[],"carga-horaria":[193],"class_list":["post-30764","curso","type-curso","status-publish","has-post-thumbnail","hentry","tipo-pos-graduacao-ead","pos-graduacao-negocios-administracao-e-direito","carga-horaria-720h"],"acf":[],"_links":{"self":[{"href":"https:\/\/homologa.centralfaveni.com.br\/virgem\/wp-json\/wp\/v2\/curso\/30764","targetHints":{"allow":["GET"]}}],"collection":[{"href":"https:\/\/homologa.centralfaveni.com.br\/virgem\/wp-json\/wp\/v2\/curso"}],"about":[{"href":"https:\/\/homologa.centralfaveni.com.br\/virgem\/wp-json\/wp\/v2\/types\/curso"}],"wp:attachment":[{"href":"https:\/\/homologa.centralfaveni.com.br\/virgem\/wp-json\/wp\/v2\/media?parent=30764"}],"wp:term":[{"taxonomy":"tipo","embeddable":true,"href":"https:\/\/homologa.centralfaveni.com.br\/virgem\/wp-json\/wp\/v2\/tipo?post=30764"},{"taxonomy":"pos-graduacao","embeddable":true,"href":"https:\/\/homologa.centralfaveni.com.br\/virgem\/wp-json\/wp\/v2\/pos-graduacao?post=30764"},{"taxonomy":"graduacao","embeddable":true,"href":"https:\/\/homologa.centralfaveni.com.br\/virgem\/wp-json\/wp\/v2\/graduacao?post=30764"},{"taxonomy":"carga-horaria","embeddable":true,"href":"https:\/\/homologa.centralfaveni.com.br\/virgem\/wp-json\/wp\/v2\/carga-horaria?post=30764"}],"curies":[{"name":"wp","href":"https:\/\/api.w.org\/{rel}","templated":true}]}}

GESTÃO PREVIDENCIÁRIA E REGIMES PRÓPRIOS DA PREVIDÊNCIA
