{"id":2426,"date":"2025-04-29T13:53:33","date_gmt":"2025-04-29T16:53:33","guid":{"rendered":"https:\/\/homologa.digital\/centralfaveni\/virgem\/?page_id=2426"},"modified":"2025-04-29T14:01:02","modified_gmt":"2025-04-29T17:01:02","slug":"ouvidoria","status":"publish","type":"page","link":"https:\/\/homologa.centralfaveni.com.br\/virgem\/ouvidoria\/","title":{"rendered":"Ouvidoria"},"content":{"rendered":"\t\t<div data-elementor-type=\"wp-page\" data-elementor-id=\"2426\" class=\"elementor elementor-2426\" data-elementor-post-type=\"page\">\n\t\t\t\t<div class=\"elementor-element elementor-element-125ed7c e-flex e-con-boxed e-con e-parent\" data-id=\"125ed7c\" data-element_type=\"container\" data-e-type=\"container\">\n\t\t\t\t\t<div class=\"e-con-inner\">\n\t\t<div class=\"elementor-element elementor-element-6c0e5a9 e-con-full e-flex e-con e-child\" data-id=\"6c0e5a9\" data-element_type=\"container\" data-e-type=\"container\">\n\t\t\t\t<div class=\"elementor-element elementor-element-226328b elementor-widget elementor-widget-heading\" data-id=\"226328b\" data-element_type=\"widget\" data-e-type=\"widget\" data-widget_type=\"heading.default\">\n\t\t\t\t\t<h2 class=\"elementor-heading-title elementor-size-default\">Fale com o Presidente<\/h2>\t\t\t\t<\/div>\n\t\t\t\t<div class=\"elementor-element elementor-element-ac7c57c elementor-widget elementor-widget-text-editor\" data-id=\"ac7c57c\" data-element_type=\"widget\" data-e-type=\"widget\" data-widget_type=\"text-editor.default\">\n\t\t\t\t\t\t\t\t\t<p>A Ouvidoria \u2013 Fale Conosco do Centro Universit\u00e1rio FAVENI atua com autonomia e absoluta imparcialidade, vinculada diretamente \u00e0 reitoria da institui\u00e7\u00e3o, visando zelar pelos princ\u00edpios da legalidade, moralidade e efici\u00eancia administrativa, resguardando o sigilo das informa\u00e7\u00f5es.<\/p><p>\u00c9 um canal de comunica\u00e7\u00e3o permanente entre os acad\u00eamicos, professores, funcion\u00e1rios e a comunidade em geral. \u00c9 tamb\u00e9m o local onde o cidad\u00e3o pode manifestar democraticamente sua opini\u00e3o sobre os servi\u00e7os prestados pela Institui\u00e7\u00e3o e assim contribuir para o melhor funcionamento da faculdade.<\/p><p>Sinta-se a vontade para entrar em contato conosco.<\/p><p>Se preferir, utilize o formul\u00e1rio ao lado para entrar em contato com a Ouvidoria da FAVENI.<\/p><h6>Ouvidoria<\/h6><p>E-mail: ouvidoria@unifaveni.com.br<\/p><p><a href=\"https:\/\/unifaveni.com.br\/wp-content\/uploads\/sites\/22\/2023\/07\/Ouvidoria-Fale-Conosco.pdf\">Ouvidoria \u2013 Fale Conosco<\/a><\/p><h6>Plano de Comunica\u00e7\u00e3o<\/h6><p><a href=\"https:\/\/unifaveni.com.br\/wp-content\/uploads\/sites\/22\/2023\/07\/PLANO-DE-COMUNICACAO-COM-A-SOCIEDADE-INTERNA-E-EXTERNA.pdf\">PLANO DE COMUNICA\u00c7\u00c3O COM A SOCIEDADE INTERNA E EXTERNA<\/a><\/p><h6>Portaria<\/h6><p><a href=\"https:\/\/unifaveni.com.br\/wp-content\/uploads\/sites\/22\/2023\/07\/Port.-002-2023-Nomeacao-de-Ouvidora-da-Unifaveni-1.pdf\">Portaria 002-2023 \u2013 Nomea\u00e7\u00e3o de Ouvidoria<\/a><\/p><h6>Relat\u00f3rios<\/h6><p><a href=\"https:\/\/unifaveni.com.br\/wp-content\/uploads\/sites\/22\/2023\/07\/Regulamento-Ouvidoria-.pdf\">Regulamento Ouvidoria<\/a><br \/><a style=\"font-style: inherit; font-weight: inherit; text-align: var(--text-align);\" href=\"https:\/\/unifaveni.com.br\/wp-content\/uploads\/sites\/22\/2023\/07\/RELATORIO-OUVIDORIA-2019.pdf\">RELAT\u00d3RIO OUVIDORIA 2019<\/a><br \/><a style=\"font-style: inherit; font-weight: inherit; text-align: var(--text-align);\" href=\"https:\/\/unifaveni.com.br\/wp-content\/uploads\/sites\/22\/2023\/07\/RELATORIO-OUVIDORIA-2020.pdf\">RELAT\u00d3RIO OUVIDORIA 2020<\/a><br \/><a style=\"font-style: inherit; font-weight: inherit; text-align: var(--text-align);\" href=\"https:\/\/unifaveni.com.br\/wp-content\/uploads\/sites\/22\/2023\/07\/RELATORIO-OUVIDORIA-2021.pdf\">RELAT\u00d3RIO OUVIDORIA 2021<\/a><br \/><a style=\"font-style: inherit; font-weight: inherit; text-align: var(--text-align);\" href=\"https:\/\/unifaveni.com.br\/wp-content\/uploads\/sites\/22\/2023\/07\/RELATORIO-OUVIDORIA-2022-2.pdf\">RELAT\u00d3RIO OUVIDORIA 2022<\/a><\/p>\t\t\t\t\t\t\t\t<\/div>\n\t\t\t\t<\/div>\n\t\t<div class=\"elementor-element elementor-element-c3f57c9 e-con-full e-flex e-con e-child\" data-id=\"c3f57c9\" data-element_type=\"container\" data-e-type=\"container\">\n\t\t\t\t<div class=\"elementor-element elementor-element-8dec9fc elementor-widget elementor-widget-heading\" data-id=\"8dec9fc\" data-element_type=\"widget\" data-e-type=\"widget\" data-widget_type=\"heading.default\">\n\t\t\t\t\t<h2 class=\"elementor-heading-title elementor-size-default\">Entre em Contato<\/h2>\t\t\t\t<\/div>\n\t\t\t\t<div class=\"elementor-element elementor-element-4cea0c0 elementor-button-align-stretch elementor-widget elementor-widget-form\" data-id=\"4cea0c0\" data-element_type=\"widget\" data-e-type=\"widget\" data-settings=\"{&quot;step_next_label&quot;:&quot;Next&quot;,&quot;step_previous_label&quot;:&quot;Previous&quot;,&quot;button_width&quot;:&quot;100&quot;,&quot;step_type&quot;:&quot;number_text&quot;,&quot;step_icon_shape&quot;:&quot;circle&quot;}\" data-widget_type=\"form.default\">\n\t\t\t\t\t\t\t<form class=\"elementor-form\" method=\"post\" name=\"Ouvidoria\" aria-label=\"Ouvidoria\">\n\t\t\t<input type=\"hidden\" name=\"post_id\" value=\"2426\"\/>\n\t\t\t<input type=\"hidden\" name=\"form_id\" value=\"4cea0c0\"\/>\n\t\t\t<input type=\"hidden\" name=\"referer_title\" value=\"Virgem\" \/>\n\n\t\t\t\n\t\t\t<div class=\"elementor-form-fields-wrapper elementor-labels-above\">\n\t\t\t\t\t\t\t\t<div class=\"elementor-field-type-text elementor-field-group elementor-column elementor-field-group-nome elementor-col-50 elementor-field-required elementor-mark-required\">\n\t\t\t\t\t\t\t\t\t\t\t\t<label for=\"form-field-nome\" class=\"elementor-field-label\">\n\t\t\t\t\t\t\t\tNome\t\t\t\t\t\t\t<\/label>\n\t\t\t\t\t\t\t\t\t\t\t\t\t\t<input size=\"1\" type=\"text\" name=\"form_fields[nome]\" id=\"form-field-nome\" class=\"elementor-field elementor-size-md  elementor-field-textual\" placeholder=\"Nome\" required=\"required\">\n\t\t\t\t\t\t\t\t\t\t\t<\/div>\n\t\t\t\t\t\t\t\t<div class=\"elementor-field-type-email elementor-field-group elementor-column elementor-field-group-email elementor-col-50 elementor-field-required elementor-mark-required\">\n\t\t\t\t\t\t\t\t\t\t\t\t<label for=\"form-field-email\" class=\"elementor-field-label\">\n\t\t\t\t\t\t\t\tEmail\t\t\t\t\t\t\t<\/label>\n\t\t\t\t\t\t\t\t\t\t\t\t\t\t<input size=\"1\" type=\"email\" name=\"form_fields[email]\" id=\"form-field-email\" class=\"elementor-field elementor-size-md  elementor-field-textual\" placeholder=\"Email\" required=\"required\">\n\t\t\t\t\t\t\t\t\t\t\t<\/div>\n\t\t\t\t\t\t\t\t<div class=\"elementor-field-type-tel elementor-field-group elementor-column elementor-field-group-telefone elementor-col-50 elementor-field-required elementor-mark-required\">\n\t\t\t\t\t\t\t\t\t\t\t\t<label for=\"form-field-telefone\" class=\"elementor-field-label\">\n\t\t\t\t\t\t\t\tTelefone\t\t\t\t\t\t\t<\/label>\n\t\t\t\t\t\t\t\t<input size=\"1\" type=\"tel\" name=\"form_fields[telefone]\" id=\"form-field-telefone\" class=\"elementor-field elementor-size-md  elementor-field-textual\" placeholder=\"Telefone\" required=\"required\" pattern=\"[0-9()#&amp;+*-=.]+\" title=\"Only numbers and phone characters (#, -, *, etc) are accepted.\">\n\n\t\t\t\t\t\t<\/div>\n\t\t\t\t\t\t\t\t<div class=\"elementor-field-type-select elementor-field-group elementor-column elementor-field-group-ouvidoria elementor-col-50 elementor-field-required elementor-mark-required\">\n\t\t\t\t\t\t\t\t\t\t\t\t<label for=\"form-field-ouvidoria\" class=\"elementor-field-label\">\n\t\t\t\t\t\t\t\tOuvidoria\t\t\t\t\t\t\t<\/label>\n\t\t\t\t\t\t\t\t<div class=\"elementor-field elementor-select-wrapper remove-before \">\n\t\t\t<div class=\"select-caret-down-wrapper\">\n\t\t\t\t<svg aria-hidden=\"true\" class=\"e-font-icon-svg e-eicon-caret-down\" viewBox=\"0 0 571.4 571.4\" xmlns=\"http:\/\/www.w3.org\/2000\/svg\"><path d=\"M571 393Q571 407 561 418L311 668Q300 679 286 679T261 668L11 418Q0 407 0 393T11 368 36 357H536Q550 357 561 368T571 393Z\"><\/path><\/svg>\t\t\t<\/div>\n\t\t\t<select name=\"form_fields[ouvidoria]\" id=\"form-field-ouvidoria\" class=\"elementor-field-textual elementor-size-md\" required=\"required\">\n\t\t\t\t\t\t\t\t\t<option value=\"Selecione uma Op\u00e7\u00e3o\">Selecione uma Op\u00e7\u00e3o<\/option>\n\t\t\t\t\t\t\t\t\t<option value=\"Ouvidoria EAD\">Ouvidoria EAD<\/option>\n\t\t\t\t\t\t\t\t\t<option value=\"Ouvidoria Presencial\">Ouvidoria Presencial<\/option>\n\t\t\t\t\t\t\t<\/select>\n\t\t<\/div>\n\t\t\t\t\t\t<\/div>\n\t\t\t\t\t\t\t\t<div class=\"elementor-field-type-text elementor-field-group elementor-column elementor-field-group-field_0083888 elementor-col-100\">\n\t\t\t\t\t\t\t\t\t\t\t\t<label for=\"form-field-field_0083888\" class=\"elementor-field-label\">\n\t\t\t\t\t\t\t\tNome do Curso\t\t\t\t\t\t\t<\/label>\n\t\t\t\t\t\t\t\t\t\t\t\t\t\t<input size=\"1\" type=\"text\" name=\"form_fields[field_0083888]\" id=\"form-field-field_0083888\" class=\"elementor-field elementor-size-md  elementor-field-textual\">\n\t\t\t\t\t\t\t\t\t\t\t<\/div>\n\t\t\t\t\t\t\t\t<div class=\"elementor-field-type-textarea elementor-field-group elementor-column elementor-field-group-field_c550db7 elementor-col-100\">\n\t\t\t\t\t\t\t\t\t\t\t\t<label for=\"form-field-field_c550db7\" class=\"elementor-field-label\">\n\t\t\t\t\t\t\t\tMensagem\t\t\t\t\t\t\t<\/label>\n\t\t\t\t\t\t<textarea class=\"elementor-field-textual elementor-field  elementor-size-md\" name=\"form_fields[field_c550db7]\" id=\"form-field-field_c550db7\" rows=\"4\" placeholder=\"Digite aqui sua mensagem\"><\/textarea>\t\t\t\t<\/div>\n\t\t\t\t\t\t\t\t<div class=\"elementor-field-group elementor-column elementor-field-type-submit elementor-col-100 e-form__buttons\">\n\t\t\t\t\t<button class=\"elementor-button elementor-size-md elementor-animation-float\" type=\"submit\">\n\t\t\t\t\t\t<span class=\"elementor-button-content-wrapper\">\n\t\t\t\t\t\t\t\t\t\t\t\t\t\t\t\t\t\t\t\t\t\t<span class=\"elementor-button-text\">Enviar Mensagem<\/span>\n\t\t\t\t\t\t\t\t\t\t\t\t\t<\/span>\n\t\t\t\t\t<\/button>\n\t\t\t\t<\/div>\n\t\t\t<\/div>\n\t\t<\/form>\n\t\t\t\t\t\t<\/div>\n\t\t\t\t<\/div>\n\t\t\t\t\t<\/div>\n\t\t\t\t<\/div>\n\t\t\t\t<\/div>\n\t\t","protected":false},"excerpt":{"rendered":"<p>Fale com o Presidente A Ouvidoria \u2013 Fale Conosco do Centro Universit\u00e1rio FAVENI atua com autonomia e absoluta imparcialidade, vinculada diretamente \u00e0 reitoria da institui\u00e7\u00e3o, visando zelar pelos princ\u00edpios da legalidade, moralidade e efici\u00eancia administrativa, resguardando o sigilo das informa\u00e7\u00f5es. \u00c9 um canal de comunica\u00e7\u00e3o permanente entre os acad\u00eamicos, professores, funcion\u00e1rios e a comunidade em [&hellip;]<\/p>\n","protected":false},"author":2,"featured_media":0,"parent":0,"menu_order":0,"comment_status":"closed","ping_status":"closed","template":"","meta":{"_acf_changed":false,"footnotes":""},"class_list":["post-2426","page","type-page","status-publish","hentry"],"acf":[],"_links":{"self":[{"href":"https:\/\/homologa.centralfaveni.com.br\/virgem\/wp-json\/wp\/v2\/pages\/2426","targetHints":{"allow":["GET"]}}],"collection":[{"href":"https:\/\/homologa.centralfaveni.com.br\/virgem\/wp-json\/wp\/v2\/pages"}],"about":[{"href":"https:\/\/homologa.centralfaveni.com.br\/virgem\/wp-json\/wp\/v2\/types\/page"}],"author":[{"embeddable":true,"href":"https:\/\/homologa.centralfaveni.com.br\/virgem\/wp-json\/wp\/v2\/users\/2"}],"replies":[{"embeddable":true,"href":"https:\/\/homologa.centralfaveni.com.br\/virgem\/wp-json\/wp\/v2\/comments?post=2426"}],"version-history":[{"count":0,"href":"https:\/\/homologa.centralfaveni.com.br\/virgem\/wp-json\/wp\/v2\/pages\/2426\/revisions"}],"wp:attachment":[{"href":"https:\/\/homologa.centralfaveni.com.br\/virgem\/wp-json\/wp\/v2\/media?parent=2426"}],"curies":[{"name":"wp","href":"https:\/\/api.w.org\/{rel}","templated":true}]}}