{"id":2463,"date":"2025-04-29T14:11:08","date_gmt":"2025-04-29T17:11:08","guid":{"rendered":"https:\/\/homologa.digital\/centralfaveni\/virgem\/?page_id=2463"},"modified":"2025-04-29T14:11:59","modified_gmt":"2025-04-29T17:11:59","slug":"estrutura-unidades-i-e-ii","status":"publish","type":"page","link":"https:\/\/homologa.centralfaveni.com.br\/virgem\/estrutura-unidades-i-e-ii\/","title":{"rendered":"Estrutura Unidades I e II"},"content":{"rendered":"\t\t<div data-elementor-type=\"wp-page\" data-elementor-id=\"2463\" class=\"elementor elementor-2463\" data-elementor-post-type=\"page\">\n\t\t\t\t<div class=\"elementor-element elementor-element-ad1d14d e-flex e-con-boxed e-con e-parent\" data-id=\"ad1d14d\" data-element_type=\"container\" data-e-type=\"container\">\n\t\t\t\t\t<div class=\"e-con-inner\">\n\t\t\t\t<div class=\"elementor-element elementor-element-73a9426 elementor-widget elementor-widget-text-editor\" data-id=\"73a9426\" data-element_type=\"widget\" data-e-type=\"widget\" data-widget_type=\"text-editor.default\">\n\t\t\t\t\t\t\t\t\t<h2>Unidade I<\/h2><p>A FAVENI possui uma completa infraestrutura f\u00edsica para atender plenamente seus alunos e colaboradores.<\/p><p>Instalada num pr\u00e9dio de 3 pavimentos, a institui\u00e7\u00e3o disp\u00f5e de acesso para portadores de necessidades especiais, atrav\u00e9s de rampa de acesso. S\u00e3o 12 salas de aula em funcionamento, 1 laborat\u00f3rio de inform\u00e1tica, biblioteca, audit\u00f3rio, banheiros nos 1\u00ba e 2\u00ba pavimentos e salas de administra\u00e7\u00e3o. As salas de aula s\u00e3o amplas, dotadas de quadro branco, carteiras estofadas, mesa para professor e equipamentos audiovisuais, colocados se solicitados pelo professor.<\/p><p>O audit\u00f3rio tem capacidade para at\u00e9 200 pessoas, possui palco para apresenta\u00e7\u00f5es, sistema de sonoriza\u00e7\u00e3o pr\u00e9-instalado, cadeiras estofadas com mesa retr\u00e1til. H\u00e1 tamb\u00e9m um hall de entrada, possibilitando a organiza\u00e7\u00e3o da recep\u00e7\u00e3o de eventos.<\/p><p>O espa\u00e7o de administra\u00e7\u00e3o conta com uma sala para professores, com banheiros individuais, 1 sala de secretaria, 1 sala de tesouraria e recursos humanos, 1 sala de dire\u00e7\u00e3o, 2 salas de coordena\u00e7\u00e3o, e 1 sala para servi\u00e7os de apoio de coordena\u00e7\u00e3o. H\u00e1 ainda um pequena sala para abrigar os materiais audiovisuais, sob responsabilidade de um setor denominado SUTEC.<\/p><p>O laborat\u00f3rio de inform\u00e1tica da FAVENI fica situado no primeiro piso, com uma \u00e1rea de 56m\u00b2, com 25 computadores e um servidor. Todas as m\u00e1quinas est\u00e3o conectadas \u00e0 internet. A faculdade mant\u00e9m contrato de provimento de internet, atrav\u00e9s de conex\u00e3o r\u00e1dio, com um link de 50mb. Para assegurar\u00a0 a melhor navegabilidade e seguran\u00e7a na rede, o sistema operacional instalado \u00e9 o Linux, e tamb\u00e9m o pacote Open Office. A FAVENI apoia as iniciativas de software livre. Alunos portadores de seu pr\u00f3prio notebook tamb\u00e9m podem utilizar a conex\u00e3o de internet e de rede do laborat\u00f3rio, mediante libera\u00e7\u00e3o de senha do professor respons\u00e1vel ou da coordena\u00e7\u00e3o. O aluno apenas precisa fazer a solicita\u00e7\u00e3o. A rede wi-fi tamb\u00e9m est\u00e1 dispon\u00edvel em todo o pr\u00e9dio, e atualmente est\u00e1 liberada para uso pelo pessoal administrativo e professores.<\/p><h6>Hor\u00e1rio de funcionamento:<\/h6><p>O espa\u00e7o, al\u00e9m de ser utilizado para as aulas, \u00e9 aberto para todos os alunos, a partir das 18h, para que possam acessar e-mails e materiais de curso disponibilizados eletronicamente.<\/p><h2>Unidade II<\/h2><p>A FAVENI est\u00e1 implantando a Unidade II, que possui uma completa infraestrutura f\u00edsica para atender plenamente seus alunos e colaboradores. Instalada no Edif\u00edcio a 500 metros da Sede, no 3\u00ba e 4\u00ba andar, a unidade disp\u00f5e de acesso para portadores de necessidades especiais, atrav\u00e9s de elevadores. S\u00e3o salas de aula, laborat\u00f3rios para os cursos, biblioteca, audit\u00f3rio, banheiros nos 3\u00ba e 4\u00ba andar e salas de administra\u00e7\u00e3o. As salas de aula s\u00e3o amplas, dotadas de quadro branco, carteiras estofadas, mesa para professor e Datashow. A Unidade II conta ainda com estacionamentos particulares dentro da unidade com capacidade de 90 vagas e estacionamentos exclusivos para portadores de necessidades especiais pr\u00f3ximos as entradas de acesso aos elevadores.<\/p>\t\t\t\t\t\t\t\t<\/div>\n\t\t\t\t\t<\/div>\n\t\t\t\t<\/div>\n\t\t\t\t<\/div>\n\t\t","protected":false},"excerpt":{"rendered":"<p>Unidade I A FAVENI possui uma completa infraestrutura f\u00edsica para atender plenamente seus alunos e colaboradores. Instalada num pr\u00e9dio de 3 pavimentos, a institui\u00e7\u00e3o disp\u00f5e de acesso para portadores de necessidades especiais, atrav\u00e9s de rampa de acesso. S\u00e3o 12 salas de aula em funcionamento, 1 laborat\u00f3rio de inform\u00e1tica, biblioteca, audit\u00f3rio, banheiros nos 1\u00ba e 2\u00ba [&hellip;]<\/p>\n","protected":false},"author":2,"featured_media":0,"parent":0,"menu_order":0,"comment_status":"closed","ping_status":"closed","template":"","meta":{"_acf_changed":false,"footnotes":""},"class_list":["post-2463","page","type-page","status-publish","hentry"],"acf":[],"_links":{"self":[{"href":"https:\/\/homologa.centralfaveni.com.br\/virgem\/wp-json\/wp\/v2\/pages\/2463","targetHints":{"allow":["GET"]}}],"collection":[{"href":"https:\/\/homologa.centralfaveni.com.br\/virgem\/wp-json\/wp\/v2\/pages"}],"about":[{"href":"https:\/\/homologa.centralfaveni.com.br\/virgem\/wp-json\/wp\/v2\/types\/page"}],"author":[{"embeddable":true,"href":"https:\/\/homologa.centralfaveni.com.br\/virgem\/wp-json\/wp\/v2\/users\/2"}],"replies":[{"embeddable":true,"href":"https:\/\/homologa.centralfaveni.com.br\/virgem\/wp-json\/wp\/v2\/comments?post=2463"}],"version-history":[{"count":0,"href":"https:\/\/homologa.centralfaveni.com.br\/virgem\/wp-json\/wp\/v2\/pages\/2463\/revisions"}],"wp:attachment":[{"href":"https:\/\/homologa.centralfaveni.com.br\/virgem\/wp-json\/wp\/v2\/media?parent=2463"}],"curies":[{"name":"wp","href":"https:\/\/api.w.org\/{rel}","templated":true}]}}