{"id":2496,"date":"2025-04-29T14:24:35","date_gmt":"2025-04-29T17:24:35","guid":{"rendered":"https:\/\/homologa.digital\/centralfaveni\/virgem\/?page_id=2496"},"modified":"2025-04-29T14:25:14","modified_gmt":"2025-04-29T17:25:14","slug":"nucleo-de-apoio-psicopedagogico","status":"publish","type":"page","link":"https:\/\/homologa.centralfaveni.com.br\/virgem\/nucleo-de-apoio-psicopedagogico\/","title":{"rendered":"N\u00facleo de Apoio Psicopedag\u00f3gico"},"content":{"rendered":"\t\t<div data-elementor-type=\"wp-page\" data-elementor-id=\"2496\" class=\"elementor elementor-2496\" data-elementor-post-type=\"page\">\n\t\t\t\t<div class=\"elementor-element elementor-element-c1e567b e-flex e-con-boxed e-con e-parent\" data-id=\"c1e567b\" data-element_type=\"container\" data-e-type=\"container\">\n\t\t\t\t\t<div class=\"e-con-inner\">\n\t\t\t\t<div class=\"elementor-element elementor-element-d8c62bd elementor-widget elementor-widget-text-editor\" data-id=\"d8c62bd\" data-element_type=\"widget\" data-e-type=\"widget\" data-widget_type=\"text-editor.default\">\n\t\t\t\t\t\t\t\t\t<p>A FAVENI conta com o N\u00facleo de Apoio Psicopedag\u00f3gico \u2013 NAP, que foi institucionalizado para atender a comunidade acad\u00eamica em v\u00e1rias situa\u00e7\u00f5es, inclusive alunos com Transtorno de Espectro Autista. Esse atendimento \u00e9 realizado por um docente profissional da \u00e1rea de Psicologia, com atendimentos regulares em hor\u00e1rios marcados.<\/p><p>O atendimento poder\u00e1 ser agendado por e-mail no seguinte endere\u00e7o:\u00a0<a href=\"mailto:atendimento@faveni.edu.br\">atendimento@faveni.edu.br<\/a><\/p><p>O NAP foi constitu\u00eddo para desenvolver a\u00e7\u00f5es psicopedag\u00f3gicas e de acolhimento da demanda da comunidade acad\u00eamica (docentes e discentes) visando \u00e0 promo\u00e7\u00e3o de sa\u00fade e atividades que favore\u00e7am o aprimoramento constante do processo de ensino-aprendizagem e das rela\u00e7\u00f5es sociais na institui\u00e7\u00e3o.<\/p><p>Este projeto, que contempla e atende as necessidades acad\u00eamicas que surgem no decorrer da forma\u00e7\u00e3o do aluno, oferece orienta\u00e7\u00e3o acad\u00eamica, encaminhamento profissional, acompanhamento psicopedag\u00f3gico e vicissitudes pr\u00f3prias das rela\u00e7\u00f5es sociais que permeiam sua forma\u00e7\u00e3o e que o auxilia no seu desenvolvimento profissional.<\/p><p>Esse n\u00facleo surge atrav\u00e9s do pensar e sentir a educa\u00e7\u00e3o como uma oportunidade para o desenvolvimento e por isso pretende ser de qualidade e igual para todos.<\/p><ul><li>N\u00facleo de Apoio Psicopedag\u00f3gico NAP<\/li><\/ul><p><a href=\"https:\/\/unifaveni.com.br\/wp-content\/uploads\/sites\/22\/2023\/07\/Portaria-de-Nomecao-NAP-2023.pdf\">Portaria de Nomea\u00e7\u00e3o NAP 2023<\/a><\/p>\t\t\t\t\t\t\t\t<\/div>\n\t\t\t\t\t<\/div>\n\t\t\t\t<\/div>\n\t\t\t\t<\/div>\n\t\t","protected":false},"excerpt":{"rendered":"<p>A FAVENI conta com o N\u00facleo de Apoio Psicopedag\u00f3gico \u2013 NAP, que foi institucionalizado para atender a comunidade acad\u00eamica em v\u00e1rias situa\u00e7\u00f5es, inclusive alunos com Transtorno de Espectro Autista. Esse atendimento \u00e9 realizado por um docente profissional da \u00e1rea de Psicologia, com atendimentos regulares em hor\u00e1rios marcados. O atendimento poder\u00e1 ser agendado por e-mail no [&hellip;]<\/p>\n","protected":false},"author":2,"featured_media":0,"parent":0,"menu_order":0,"comment_status":"closed","ping_status":"closed","template":"","meta":{"_acf_changed":false,"footnotes":""},"class_list":["post-2496","page","type-page","status-publish","hentry"],"acf":[],"_links":{"self":[{"href":"https:\/\/homologa.centralfaveni.com.br\/virgem\/wp-json\/wp\/v2\/pages\/2496","targetHints":{"allow":["GET"]}}],"collection":[{"href":"https:\/\/homologa.centralfaveni.com.br\/virgem\/wp-json\/wp\/v2\/pages"}],"about":[{"href":"https:\/\/homologa.centralfaveni.com.br\/virgem\/wp-json\/wp\/v2\/types\/page"}],"author":[{"embeddable":true,"href":"https:\/\/homologa.centralfaveni.com.br\/virgem\/wp-json\/wp\/v2\/users\/2"}],"replies":[{"embeddable":true,"href":"https:\/\/homologa.centralfaveni.com.br\/virgem\/wp-json\/wp\/v2\/comments?post=2496"}],"version-history":[{"count":0,"href":"https:\/\/homologa.centralfaveni.com.br\/virgem\/wp-json\/wp\/v2\/pages\/2496\/revisions"}],"wp:attachment":[{"href":"https:\/\/homologa.centralfaveni.com.br\/virgem\/wp-json\/wp\/v2\/media?parent=2496"}],"curies":[{"name":"wp","href":"https:\/\/api.w.org\/{rel}","templated":true}]}}