{"id":2604,"date":"2025-04-29T17:26:57","date_gmt":"2025-04-29T20:26:57","guid":{"rendered":"https:\/\/homologa.digital\/centralfaveni\/virgem\/?page_id=2604"},"modified":"2025-04-29T17:27:20","modified_gmt":"2025-04-29T20:27:20","slug":"procedimentos-para-encaminhamentos-de-projetos","status":"publish","type":"page","link":"https:\/\/homologa.centralfaveni.com.br\/virgem\/procedimentos-para-encaminhamentos-de-projetos\/","title":{"rendered":"Procedimentos para Encaminhamentos de Projetos"},"content":{"rendered":"\t\t<div data-elementor-type=\"wp-page\" data-elementor-id=\"2604\" class=\"elementor elementor-2604\" data-elementor-post-type=\"page\">\n\t\t\t\t<div class=\"elementor-element elementor-element-97a21a9 e-flex e-con-boxed e-con e-parent\" data-id=\"97a21a9\" data-element_type=\"container\" data-e-type=\"container\">\n\t\t\t\t\t<div class=\"e-con-inner\">\n\t\t\t\t<div class=\"elementor-element elementor-element-c31f1d4 elementor-widget elementor-widget-heading\" data-id=\"c31f1d4\" data-element_type=\"widget\" data-e-type=\"widget\" data-widget_type=\"heading.default\">\n\t\t\t\t\t<h2 class=\"elementor-heading-title elementor-size-default\">PROCEDIMENTOS PARA ENCAMINHAMENTOS DE PROJETOS<\/h2>\t\t\t\t<\/div>\n\t\t\t\t<div class=\"elementor-element elementor-element-b1b23dc elementor-widget elementor-widget-spacer\" data-id=\"b1b23dc\" data-element_type=\"widget\" data-e-type=\"widget\" data-widget_type=\"spacer.default\">\n\t\t\t\t\t\t\t<div class=\"elementor-spacer\">\n\t\t\t<div class=\"elementor-spacer-inner\"><\/div>\n\t\t<\/div>\n\t\t\t\t\t\t<\/div>\n\t\t\t\t<div class=\"elementor-element elementor-element-7ba0901 elementor-widget elementor-widget-text-editor\" data-id=\"7ba0901\" data-element_type=\"widget\" data-e-type=\"widget\" data-widget_type=\"text-editor.default\">\n\t\t\t\t\t\t\t\t\t<p>Preconiza-se que todo projeto que envolver pesquisa com seres humanos, direta ou indiretamente, coordenado por pesquisador respons\u00e1vel vinculado ao Centro Universit\u00e1rio Faveni &#8211; UNIFAVENI, deva ser submetido a este Comit\u00ea de \u00c9tica em Pesquisa com Seres Humanos, conforme as Resolu\u00e7\u00f5es do CNS 466\/2012 e 510\/2016.<\/p>\t\t\t\t\t\t\t\t<\/div>\n\t\t\t\t<div class=\"elementor-element elementor-element-937eb0b elementor-widget elementor-widget-text-editor\" data-id=\"937eb0b\" data-element_type=\"widget\" data-e-type=\"widget\" data-widget_type=\"text-editor.default\">\n\t\t\t\t\t\t\t\t\t<p><strong>SUBMETENDO UM PROJETO PARA APRECIA\u00c7\u00c3O \u00c9TICA<\/strong><\/p><p>1\u00ba PASSO: CADASTRO DOS PESQUISADORES NA PLATAFORMA BRASIL<br \/>(Para aux\u00edlio, favor verificar o Manual Cadastro de Usu\u00e1rio e os v\u00eddeos orientativos para esse procedimento)<\/p><p>O cadastro dos pesquisadores (orientadores, orientados e coorientadores) \u00e9 etapa pr\u00e9via para a submiss\u00e3o dos protocolos.<\/p><p>S\u00e3o necess\u00e1rios os seguintes documentos:<br \/>1. Curr\u00edculo (doc, docx, odt, pdf, at\u00e9 2mb) ou link do curr\u00edculo Lattes.<br \/>2. Identidade em um \u00fanico arquivo (doc, docx, odt, pdf, at\u00e9 1mb).<br \/>3. Foto de identifica\u00e7\u00e3o (jpg, jpeg, png, bmp, gif, pdf, at\u00e9 1mb).<br \/>4. \u00c9 necess\u00e1rio que o pesquisador seja vinculado ao Centro Universit\u00e1rio Faveni &#8211; UNIFAVENI. Assim, ap\u00f3s fazer a busca pela palavra-chave \u201cUNIFAVENI ou Centro Universit\u00e1rio Faveni \u201d, o pesquisador dever\u00e1 selecionar o \u00f3rg\u00e3o a que pertence, para ap\u00f3s, clicar em adicionar.<\/p><p>2\u00ba PASSO: SUBMISS\u00c3O DOS PROJETOS DE PESQUISA<br \/>(Para aux\u00edlio, favor verificar o Manual Cadastro de Usu\u00e1rio e os v\u00eddeos orientativos para esse procedimento)<\/p><p>Informamos que somente o PESQUISADOR RESPONS\u00c1VEL pode cadastrar o projeto de pesquisa para aprecia\u00e7\u00e3o do CEP. Para o CEP o pesquisador respons\u00e1vel \u00e9 o professor vinculado ORIENTADOR do projeto.<br \/>O pesquisador respons\u00e1vel dever\u00e1 informar na Etapa 1 \u2013 Informa\u00e7\u00f5es Preliminares, do formul\u00e1rio online da Plataforma Brasil, todos os membros da equipe de pesquisa. Caso deseje, poder\u00e1 delegar a qualquer orientando que continue o preenchimento da Plataforma, buscando, para isso, o perfil do orientando no campo \u201cAssistente\u201d. Assim, o pesquisador selecionado como assistente pode terminar o preenchimento da Plataforma.<\/p><p>DOCUMENTA\u00c7\u00c3O OBRIGAT\u00d3RIA:<br \/>Todos os documentos dever\u00e3o ser anexados \u00e0 Plataforma Brasil em arquivos separados e \u00fanicos, nos formatos doc, docx, odt, pdf (edit\u00e1vel) e dever\u00e3o ainda ser nomeados com o que representam. Aten\u00e7\u00e3o orienta-se nomes curtos, sem caracteres como (:, ; , ~, \u00e7, \u00e3 etc), preencher espa\u00e7os com underline ( _ ), exemplo:<\/p><p>Projeto_pesquisa.docx<br \/>TCLE.pdf<br \/>TermoAssent.docx<br \/>Instrum_coleta_dados.docx<br \/>Autor_Instit_copart.pdf<br \/>Folha_Rosto.pdf<br \/>Termo_anuencia.pdf<\/p><p>ORIENTA\u00c7\u00c3O DOCUMENTAL:<\/p><p>1) PROJETO DE PESQUISA \u2013 Orienta-se seguir a estrutura\u00e7\u00e3o do formul\u00e1rio A2.<\/p><p>2) TCLE \u2013 De acordo com a Resolu\u00e7\u00e3o CNS 466\/2012, item II. 23, TERMO DE CONSENTIMENTO LIVRE E ESCLARECIDO (TCLE) \u00e9 o documento no qual \u00e9 explicitado o consentimento livre e esclarecido do participante e\/ou do respons\u00e1vel legal pelo participante.<\/p><p>Caso a pesquisa se enquadre nas hip\u00f3teses de dispensa do TCLE, Resolu\u00e7\u00e3o CNS 466\/2012, item IV.8, o pesquisador dever\u00e1 justificar o pedido de dispensa em campo pr\u00f3prio da Plataforma Brasil.<\/p><p>LEMBRAMOS AOS PESQUISADORES QUE EXISTEM PARTICULARIDADES. PORTANTO, RECOMENDAMOS A LEITURA DA Resolu\u00e7\u00e3o CNS 466\/2012 e pesquisa envolvendo a \u00e1rea das Ci\u00eancias Humanas e Sociais Resolu\u00e7\u00e3o CNS 510\/2016.:<\/p><p>3) TALE \u2013 Termo de Assentimento Livre Esclarecido, no caso de pesquisas que envolvam menores de idade (12 a 17 anos) ou legalmente incapazes. <br \/>*De acordo com a Resolu\u00e7\u00e3o CNS 466\/2012, item II.2 e item II.24, TERMO DE ASSENTIMENTO \u00e9 destinado para os participantes crian\u00e7a, adolescente ou legalmente incapaz. Nesse documento tais participantes s\u00e3o esclarecidos sobre a natureza da pesquisa, seus objetivos, m\u00e9todos, benef\u00edcios previstos, potenciais riscos e o inc\u00f4modo que esta possa lhes acarretar, na medida de sua compreens\u00e3o e respeitados em suas singularidades.<\/p><p>4) DECLARA\u00c7\u00c3O DE CONFIDENCIALIDADE \u2013 segundo a Resolu\u00e7\u00e3o CNS 510\/2016, cap\u00edtulo I, art. 2, IV &#8211; confidencialidade: \u00e9 a garantia do resguardo das informa\u00e7\u00f5es dadas em confian\u00e7a e a prote\u00e7\u00e3o contra a sua revela\u00e7\u00e3o n\u00e3o autorizada. Pesquisa com justificativa de dispensa de TCLE \u00e9 obrigat\u00f3rio a Declara\u00e7\u00e3o de Confidencialidade assinada pelos pesquisadores (orientadores, orientados e coorientadores). Pesquisas com o TCLE, segundo os dados preconizados pela Resolu\u00e7\u00e3o CNS 466\/2012, contempla a confidencialidade do pesquisado, ficando facultativo a declara\u00e7\u00e3o de confidencialidade.<\/p><p>Conforme a metodologia de pesquisa \u00e9 importante a postagem do instrumento de coleta de dados, seja ele Question\u00e1rio, Formul\u00e1rio, Roteiro de Entrevista ou Roteiro de levantamento de dados secund\u00e1rios.<\/p><p>5) AUTORIZA\u00c7\u00c3O PR\u00c9VIA (Institui\u00e7\u00e3o Coparticipante) compreende-se do local onde ser\u00e1 desenvolvido alguma etapa da pesquisa. Essa \u00e9, portanto, uma institui\u00e7\u00e3o que participar\u00e1 do projeto, tal qual a proponente, apesar de n\u00e3o o ter proposto. O Pesquisador Respons\u00e1vel por este estudo ser\u00e1 sempre o mesmo da Institui\u00e7\u00e3o Proponente.<\/p><p>Exemplos: Hospitais, escolas, laborat\u00f3rios, dentre outros; e autoriza\u00e7\u00e3o pr\u00e9via para utiliza\u00e7\u00e3o de banco de dados, por exemplo (o acesso a qualquer local ou dados, que n\u00e3o sejam p\u00fablicos, deve ser emitida autoriza\u00e7\u00e3o pela Institui\u00e7\u00e3o ao pesquisador). Essa autoriza\u00e7\u00e3o deve ser confeccionada em papel timbrado, assinada e carimbada por seu representante legal.<\/p><p>6) INSTRUMENTO DE COLETA DE DADOS \u2013 conforme a metodologia de pesquisa \u00e9 importante a postagem do instrumento de coleta de dados, seja ele Question\u00e1rio, Formul\u00e1rio, Roteiro de Entrevista ou Roteiro de levantamento de dados secund\u00e1rios.<\/p><p>7) FOLHA DE ROSTO &#8211; gerada pelo sistema (Etapa 5 \u2013 outras informa\u00e7\u00f5es, do formul\u00e1rio online da Plataforma Brasil, necess\u00e1rio imprimir, colher as assinaturas, digitalizar e anexar em campo pr\u00f3prio).<\/p><p>Sua finalidade \u00e9 a express\u00e3o do compromisso do pesquisador e da institui\u00e7\u00e3o em cumprir a Resolu\u00e7\u00e3o CNS 466\/2012.<\/p><p>A folha de rosto ser\u00e1 respons\u00e1vel pela consist\u00eancia jur\u00eddica do projeto, identificando pesquisador, institui\u00e7\u00e3o e CEP, seguindo normas e apontando as responsabilidades correspondentes.<\/p><p>*Quanto \u00e0s assinaturas da folha de rosto cumpre lembrar:<\/p><p>Pesquisador respons\u00e1vel: assina o orientador.<br \/>Institui\u00e7\u00e3o proponente.<\/p><p>Patrocinador: caso exista, o campo deve ser assinado pelo pesquisador respons\u00e1vel, orientador.<\/p><p>-Ao clicar<a href=\"https:\/\/conselho.saude.gov.br\/plataforma-brasil-conep?view=default\"> AQUI<\/a> voc\u00ea ser\u00e1 encaminhado \u00e0 PLATAFORMA BRASIL, ferramenta nacional e unificada de registros de projetos de pesquisa envolvendo seres humanos para todo o sistema CEP\/CONEP e que oferece manuais de instru\u00e7\u00f5es para cada etapa do registro e ajuda via telefone, email ou chat online.<\/p><p>A administra\u00e7\u00e3o da Plataforma Brasil n\u00e3o \u00e9 de responsabilidade do CEP\/UNIFAVENI, mas sim do Minist\u00e9rio da Sa\u00fade.<\/p><p><strong>SOLICITAMOS AO PESQUISADOR ATEN\u00c7\u00c3O \u00c0 PLATAFORMA BRASIL DEPOIS DE ENVIAR O PROJETO AO CEP. TODA COMUNICA\u00c7\u00c3O \u00c9 VIA PLATAFORMA. FAVOR OBSERVAR SEMPRE A SITUA\u00c7\u00c3O DO PROJETO DE PESQUISA.<\/strong><\/p>\t\t\t\t\t\t\t\t<\/div>\n\t\t\t\t\t<\/div>\n\t\t\t\t<\/div>\n\t\t\t\t<\/div>\n\t\t","protected":false},"excerpt":{"rendered":"<p>PROCEDIMENTOS PARA ENCAMINHAMENTOS DE PROJETOS Preconiza-se que todo projeto que envolver pesquisa com seres humanos, direta ou indiretamente, coordenado por pesquisador respons\u00e1vel vinculado ao Centro Universit\u00e1rio Faveni &#8211; UNIFAVENI, deva ser submetido a este Comit\u00ea de \u00c9tica em Pesquisa com Seres Humanos, conforme as Resolu\u00e7\u00f5es do CNS 466\/2012 e 510\/2016. SUBMETENDO UM PROJETO PARA APRECIA\u00c7\u00c3O [&hellip;]<\/p>\n","protected":false},"author":2,"featured_media":0,"parent":0,"menu_order":0,"comment_status":"closed","ping_status":"closed","template":"page-box.php","meta":{"_acf_changed":false,"footnotes":""},"class_list":["post-2604","page","type-page","status-publish","hentry"],"acf":[],"_links":{"self":[{"href":"https:\/\/homologa.centralfaveni.com.br\/virgem\/wp-json\/wp\/v2\/pages\/2604","targetHints":{"allow":["GET"]}}],"collection":[{"href":"https:\/\/homologa.centralfaveni.com.br\/virgem\/wp-json\/wp\/v2\/pages"}],"about":[{"href":"https:\/\/homologa.centralfaveni.com.br\/virgem\/wp-json\/wp\/v2\/types\/page"}],"author":[{"embeddable":true,"href":"https:\/\/homologa.centralfaveni.com.br\/virgem\/wp-json\/wp\/v2\/users\/2"}],"replies":[{"embeddable":true,"href":"https:\/\/homologa.centralfaveni.com.br\/virgem\/wp-json\/wp\/v2\/comments?post=2604"}],"version-history":[{"count":0,"href":"https:\/\/homologa.centralfaveni.com.br\/virgem\/wp-json\/wp\/v2\/pages\/2604\/revisions"}],"wp:attachment":[{"href":"https:\/\/homologa.centralfaveni.com.br\/virgem\/wp-json\/wp\/v2\/media?parent=2604"}],"curies":[{"name":"wp","href":"https:\/\/api.w.org\/{rel}","templated":true}]}}