{"id":991,"date":"2025-03-21T15:29:17","date_gmt":"2025-03-21T18:29:17","guid":{"rendered":"https:\/\/homologa.digital\/centralfaveni\/virgem\/?page_id=991"},"modified":"2025-03-21T15:48:32","modified_gmt":"2025-03-21T18:48:32","slug":"modulos","status":"publish","type":"page","link":"https:\/\/homologa.centralfaveni.com.br\/virgem\/modulos\/","title":{"rendered":"M\u00f3dulos"},"content":{"rendered":"\t\t<div data-elementor-type=\"wp-page\" data-elementor-id=\"991\" class=\"elementor elementor-991\" data-elementor-post-type=\"page\">\n\t\t\t\t<div class=\"elementor-element elementor-element-f1cd6dd e-flex e-con-boxed e-con e-parent\" data-id=\"f1cd6dd\" data-element_type=\"container\" data-e-type=\"container\">\n\t\t\t\t\t<div class=\"e-con-inner\">\n\t\t<div class=\"elementor-element elementor-element-8ca60ad e-con-full e-flex e-con e-child\" data-id=\"8ca60ad\" data-element_type=\"container\" data-e-type=\"container\">\n\t\t\t\t<div class=\"elementor-element elementor-element-69ae2e2 elementor-widget elementor-widget-text-editor\" data-id=\"69ae2e2\" data-element_type=\"widget\" data-e-type=\"widget\" data-widget_type=\"text-editor.default\">\n\t\t\t\t\t\t\t\t\t<p>O Centro Universit\u00e1rio FAVENI se destaca pela excel\u00eancia em educa\u00e7\u00e3o, com foco na forma\u00e7\u00e3o integral dos alunos, desenvolvendo tanto compet\u00eancias t\u00e9cnicas quanto habilidades essenciais para o mercado de trabalho e a vida em sociedade.<\/p><p>Sua qualidade \u00e9 comprovada pelos resultados dos cursos avaliados pelo ENADE e pelo reconhecimento do MEC, em modalidades presencial e a dist\u00e2ncia.<\/p><p>Liderada pelo educador Leandro Xavier Tim\u00f3teo, a Faculdade FAVENI integra o Grupo Educacional FAVENI, que atende mais de 500 mil alunos e possui mais de 300 polos educacionais em todo o Brasil.<\/p>\t\t\t\t\t\t\t\t<\/div>\n\t\t\t\t<div class=\"elementor-element elementor-element-11fdbfe elementor-button-success elementor-widget elementor-widget-button\" data-id=\"11fdbfe\" data-element_type=\"widget\" data-e-type=\"widget\" data-widget_type=\"button.default\">\n\t\t\t\t\t\t\t\t\t\t<a class=\"elementor-button elementor-button-link elementor-size-sm\" href=\"#\">\n\t\t\t\t\t\t<span class=\"elementor-button-content-wrapper\">\n\t\t\t\t\t\t<span class=\"elementor-button-icon\">\n\t\t\t\t<svg aria-hidden=\"true\" class=\"e-font-icon-svg e-fas-arrow-right\" viewBox=\"0 0 448 512\" xmlns=\"http:\/\/www.w3.org\/2000\/svg\"><path d=\"M190.5 66.9l22.2-22.2c9.4-9.4 24.6-9.4 33.9 0L441 239c9.4 9.4 9.4 24.6 0 33.9L246.6 467.3c-9.4 9.4-24.6 9.4-33.9 0l-22.2-22.2c-9.5-9.5-9.3-25 .4-34.3L311.4 296H24c-13.3 0-24-10.7-24-24v-32c0-13.3 10.7-24 24-24h287.4L190.9 101.2c-9.8-9.3-10-24.8-.4-34.3z\"><\/path><\/svg>\t\t\t<\/span>\n\t\t\t\t\t\t\t\t\t<span class=\"elementor-button-text\">Clique aqui<\/span>\n\t\t\t\t\t<\/span>\n\t\t\t\t\t<\/a>\n\t\t\t\t\t\t\t\t<\/div>\n\t\t\t\t<\/div>\n\t\t<div class=\"elementor-element elementor-element-d2b3ff5 e-con-full e-flex e-con e-child\" data-id=\"d2b3ff5\" data-element_type=\"container\" data-e-type=\"container\">\n\t\t\t\t<div class=\"elementor-element elementor-element-c9dd6e1 elementor-widget elementor-widget-image\" data-id=\"c9dd6e1\" data-element_type=\"widget\" data-e-type=\"widget\" data-widget_type=\"image.default\">\n\t\t\t\t\t\t\t\t\t\t\t\t\t\t\t<img fetchpriority=\"high\" decoding=\"async\" width=\"1024\" height=\"582\" src=\"https:\/\/homologa.centralfaveni.com.br\/virgem\/wp-content\/uploads\/sites\/4\/2025\/02\/video1-1024x582.webp\" class=\"attachment-large size-large wp-image-222\" alt=\"\" srcset=\"https:\/\/homologa.centralfaveni.com.br\/virgem\/wp-content\/uploads\/sites\/4\/2025\/02\/video1-1024x582.webp 1024w, https:\/\/homologa.centralfaveni.com.br\/virgem\/wp-content\/uploads\/sites\/4\/2025\/02\/video1-300x170.webp 300w, https:\/\/homologa.centralfaveni.com.br\/virgem\/wp-content\/uploads\/sites\/4\/2025\/02\/video1-768x436.webp 768w, https:\/\/homologa.centralfaveni.com.br\/virgem\/wp-content\/uploads\/sites\/4\/2025\/02\/video1.webp 1065w\" sizes=\"(max-width: 1024px) 100vw, 1024px\" \/>\t\t\t\t\t\t\t\t\t\t\t\t\t\t\t<\/div>\n\t\t\t\t<\/div>\n\t\t\t\t\t<\/div>\n\t\t\t\t<\/div>\n\t\t<div class=\"elementor-element elementor-element-2339e23 e-flex e-con-boxed e-con e-parent\" data-id=\"2339e23\" data-element_type=\"container\" data-e-type=\"container\">\n\t\t\t\t\t<div class=\"e-con-inner\">\n\t\t<div class=\"elementor-element elementor-element-843ef39 e-con-full e-flex e-con e-child\" data-id=\"843ef39\" data-element_type=\"container\" data-e-type=\"container\">\n\t\t\t\t<div class=\"elementor-element elementor-element-a69bc80 elementor-widget elementor-widget-text-editor\" data-id=\"a69bc80\" data-element_type=\"widget\" data-e-type=\"widget\" data-widget_type=\"text-editor.default\">\n\t\t\t\t\t\t\t\t\t<p>O Centro Universit\u00e1rio FAVENI se destaca pela excel\u00eancia em educa\u00e7\u00e3o, com foco na forma\u00e7\u00e3o integral dos alunos, desenvolvendo tanto compet\u00eancias t\u00e9cnicas quanto habilidades essenciais para o mercado de trabalho e a vida em sociedade.<\/p><p>Sua qualidade \u00e9 comprovada pelos resultados dos cursos avaliados pelo ENADE e pelo reconhecimento do MEC, em modalidades presencial e a dist\u00e2ncia.<\/p><p>Liderada pelo educador Leandro Xavier Tim\u00f3teo, a Faculdade FAVENI integra o Grupo Educacional FAVENI, que atende mais de 500 mil alunos e possui mais de 300 polos educacionais em todo o Brasil.<\/p>\t\t\t\t\t\t\t\t<\/div>\n\t\t\t\t<div class=\"elementor-element elementor-element-1c26de7 elementor-button-success elementor-widget elementor-widget-button\" data-id=\"1c26de7\" data-element_type=\"widget\" data-e-type=\"widget\" data-widget_type=\"button.default\">\n\t\t\t\t\t\t\t\t\t\t<a class=\"elementor-button elementor-button-link elementor-size-sm\" href=\"#\">\n\t\t\t\t\t\t<span class=\"elementor-button-content-wrapper\">\n\t\t\t\t\t\t<span class=\"elementor-button-icon\">\n\t\t\t\t<svg aria-hidden=\"true\" class=\"e-font-icon-svg e-fas-arrow-right\" viewBox=\"0 0 448 512\" xmlns=\"http:\/\/www.w3.org\/2000\/svg\"><path d=\"M190.5 66.9l22.2-22.2c9.4-9.4 24.6-9.4 33.9 0L441 239c9.4 9.4 9.4 24.6 0 33.9L246.6 467.3c-9.4 9.4-24.6 9.4-33.9 0l-22.2-22.2c-9.5-9.5-9.3-25 .4-34.3L311.4 296H24c-13.3 0-24-10.7-24-24v-32c0-13.3 10.7-24 24-24h287.4L190.9 101.2c-9.8-9.3-10-24.8-.4-34.3z\"><\/path><\/svg>\t\t\t<\/span>\n\t\t\t\t\t\t\t\t\t<span class=\"elementor-button-text\">Clique aqui<\/span>\n\t\t\t\t\t<\/span>\n\t\t\t\t\t<\/a>\n\t\t\t\t\t\t\t\t<\/div>\n\t\t\t\t<\/div>\n\t\t<div class=\"elementor-element elementor-element-77a4e79 e-con-full e-flex e-con e-child\" data-id=\"77a4e79\" data-element_type=\"container\" data-e-type=\"container\">\n\t\t\t\t<div class=\"elementor-element elementor-element-675fc61 elementor-widget elementor-widget-image\" data-id=\"675fc61\" data-element_type=\"widget\" data-e-type=\"widget\" data-widget_type=\"image.default\">\n\t\t\t\t\t\t\t\t\t\t\t\t\t\t\t<img fetchpriority=\"high\" decoding=\"async\" width=\"1024\" height=\"582\" src=\"https:\/\/homologa.centralfaveni.com.br\/virgem\/wp-content\/uploads\/sites\/4\/2025\/02\/video1-1024x582.webp\" class=\"attachment-large size-large wp-image-222\" alt=\"\" srcset=\"https:\/\/homologa.centralfaveni.com.br\/virgem\/wp-content\/uploads\/sites\/4\/2025\/02\/video1-1024x582.webp 1024w, https:\/\/homologa.centralfaveni.com.br\/virgem\/wp-content\/uploads\/sites\/4\/2025\/02\/video1-300x170.webp 300w, https:\/\/homologa.centralfaveni.com.br\/virgem\/wp-content\/uploads\/sites\/4\/2025\/02\/video1-768x436.webp 768w, https:\/\/homologa.centralfaveni.com.br\/virgem\/wp-content\/uploads\/sites\/4\/2025\/02\/video1.webp 1065w\" sizes=\"(max-width: 1024px) 100vw, 1024px\" \/>\t\t\t\t\t\t\t\t\t\t\t\t\t\t\t<\/div>\n\t\t\t\t<\/div>\n\t\t\t\t\t<\/div>\n\t\t\t\t<\/div>\n\t\t\t\t<\/div>\n\t\t","protected":false},"excerpt":{"rendered":"<p>O Centro Universit\u00e1rio FAVENI se destaca pela excel\u00eancia em educa\u00e7\u00e3o, com foco na forma\u00e7\u00e3o integral dos alunos, desenvolvendo tanto compet\u00eancias t\u00e9cnicas quanto habilidades essenciais para o mercado de trabalho e a vida em sociedade. Sua qualidade \u00e9 comprovada pelos resultados dos cursos avaliados pelo ENADE e pelo reconhecimento do MEC, em modalidades presencial e a [&hellip;]<\/p>\n","protected":false},"author":1,"featured_media":0,"parent":0,"menu_order":0,"comment_status":"closed","ping_status":"closed","template":"","meta":{"_acf_changed":false,"footnotes":""},"class_list":["post-991","page","type-page","status-publish","hentry"],"acf":[],"_links":{"self":[{"href":"https:\/\/homologa.centralfaveni.com.br\/virgem\/wp-json\/wp\/v2\/pages\/991","targetHints":{"allow":["GET"]}}],"collection":[{"href":"https:\/\/homologa.centralfaveni.com.br\/virgem\/wp-json\/wp\/v2\/pages"}],"about":[{"href":"https:\/\/homologa.centralfaveni.com.br\/virgem\/wp-json\/wp\/v2\/types\/page"}],"author":[{"embeddable":true,"href":"https:\/\/homologa.centralfaveni.com.br\/virgem\/wp-json\/wp\/v2\/users\/1"}],"replies":[{"embeddable":true,"href":"https:\/\/homologa.centralfaveni.com.br\/virgem\/wp-json\/wp\/v2\/comments?post=991"}],"version-history":[{"count":0,"href":"https:\/\/homologa.centralfaveni.com.br\/virgem\/wp-json\/wp\/v2\/pages\/991\/revisions"}],"wp:attachment":[{"href":"https:\/\/homologa.centralfaveni.com.br\/virgem\/wp-json\/wp\/v2\/media?parent=991"}],"curies":[{"name":"wp","href":"https:\/\/api.w.org\/{rel}","templated":true}]}}